{"id":292,"date":"2020-06-25T19:11:33","date_gmt":"2020-06-25T19:11:33","guid":{"rendered":"https:\/\/uplifting.care\/shop\/?post_type=product&#038;p=292"},"modified":"2021-03-17T08:49:26","modified_gmt":"2021-03-17T08:49:26","slug":"box-body-contouring","status":"publish","type":"product","link":"https:\/\/uplifting.care\/shop\/prodotto\/box-body-contouring\/","title":{"rendered":"Box Body Contouring"},"content":{"rendered":"<p>Corpo tonico e ridefinito, pelle compatta e rinnovata con l\u2019azione combinata di <strong>Complesso Riducente<\/strong> + <strong>Crema Riducente Forte<\/strong>, due prodotti intensivi e performanti, formulati in MICROEMULSIONI a rilascio profondo e prolungato. Usati in sinergia, realizzano un\u2019azione globale in grado di stimolare i processi metabolici, ridurre le infiammazioni e smaltire depositi adiposi, ristagni e tossine con aumento della compattezza e della densit\u00e0 cutanea.<\/p>\n<p>La pelle apparir\u00e0 pi\u00f9 liscia, tonica e vellutata, le forme del corpo pi\u00f9 definite e rimodellate, con un evidente effetto lifting.<\/p>\n<p><a href=\"https:\/\/uplifting.care\/shop\/index.php\/prodotto\/complesso-riducente-150-ml\/\" target=\"_blank\" rel=\"noopener noreferrer\"><strong>COMPLESSO RIDUCENTE<\/strong><\/a><br \/>\nIl mix di principi attivi stimola il metabolismo cellulare, attiva la lipolisi, mobilizza gli acidi grassi e ne favorisce la loro eliminazione migliorando l\u2019elasticit\u00e0 cutanea. Azione potenziata insieme alla Crema Riducente Forte.<\/p>\n<p><a href=\"https:\/\/uplifting.care\/shop\/index.php\/prodotto\/crema-riducente-forte-150-ml\/\" target=\"_blank\" rel=\"noopener noreferrer\"><strong>CREMA RIDUCENTE FORTE<\/strong><\/a><br \/>\nIl complemento ideale per potenziare l\u2019efficacia del Complesso Riducente. Il sapiente concentrato di attivi super efficaci e l\u2019azione fortemente transdermica del prodotto realizzano un trattamento intensivo e profondo sulla cellulite e gli eccessi adiposi localizzati.<\/p>\n<p><strong>CARATTERISTICHE<\/strong><br \/>\n\u2022 Alta concentrazione di principi attivi<br \/>\n\u2022 Forte transdermicit\u00e0 e capacit\u00e0 di penetrazione profonda<br \/>\n\u2022 Effetto prolungato per 24 ore<\/p>\n<p><strong>RISULTATI<\/strong><br \/>\n\u2022 Riduzione della cellulite e dei pannicoli adiposi<br \/>\n\u2022 Ristrutturazione dei tessuti<br \/>\n\u2022 Aumento della compattezza e della densit\u00e0 cutanea<br \/>\n\u2022 Pelle pi\u00f9 tonica, elastica e vellutata<\/p>\n<p><strong>MODALITA\u2019 D\u2019USO<\/strong><br \/>\nMiscelate in una ciotolina un piccola dose di Complesso Riducente + Crema Riducente Forte e applicate il composto ottenuto su gambe e addome, procedendo con un delicato massaggio dal basso verso l\u2019alto esercitando piccole pressioni con le mani, fino al completo assorbimento del prodotto. Ottimo anche per snellire e tonificare le braccia. Applicate quotidianamente dopo la doccia.<\/p>\n","protected":false},"excerpt":{"rendered":"<p>Corpo tonico e ridefinito, pelle compatta e rinnovata con l\u2019azione combinata di <strong>Complesso Riducente<\/strong> + <strong>Crema Riducente Forte<\/strong>, due prodotti intensivi e performanti, formulati in MICROEMULSIONI a rilascio profondo e prolungato. Usati in sinergia, realizzano un\u2019azione globale in grado di stimolare i processi metabolici, ridurre le infiammazioni e smaltire depositi adiposi, ristagni e tossine con aumento della compattezza e della densit\u00e0 cutanea.<\/p>\n","protected":false},"featured_media":293,"comment_status":"open","ping_status":"closed","template":"","meta":{"_monsterinsights_skip_tracking":false,"_monsterinsights_sitenote_active":false,"_monsterinsights_sitenote_note":"","_monsterinsights_sitenote_category":0},"product_brand":[],"product_cat":[49],"product_tag":[33,38],"class_list":{"0":"post-292","1":"product","2":"type-product","3":"status-publish","4":"has-post-thumbnail","6":"product_cat-corpo","7":"product_tag-detox","8":"product_tag-gambe","10":"first","11":"instock","12":"taxable","13":"shipping-taxable","14":"purchasable","15":"product-type-simple"},"yoast_head":"<!-- This site is optimized with the Yoast SEO plugin v27.4 - https:\/\/yoast.com\/product\/yoast-seo-wordpress\/ -->\n<title>Box Body Contouring - UpLifting eShop<\/title>\n<meta name=\"robots\" content=\"index, follow, max-snippet:-1, max-image-preview:large, max-video-preview:-1\" \/>\n<link rel=\"canonical\" href=\"https:\/\/uplifting.care\/shop\/prodotto\/box-body-contouring\/\" \/>\n<meta property=\"og:locale\" content=\"it_IT\" \/>\n<meta property=\"og:type\" content=\"article\" \/>\n<meta property=\"og:title\" content=\"Box Body Contouring - UpLifting eShop\" \/>\n<meta property=\"og:description\" content=\"Corpo tonico e ridefinito, pelle compatta e rinnovata con l\u2019azione combinata di Complesso Riducente + Crema Riducente Forte, due prodotti intensivi e performanti, formulati in MICROEMULSIONI a rilascio profondo e prolungato. Usati in sinergia, realizzano un\u2019azione globale in grado di stimolare i processi metabolici, ridurre le infiammazioni e smaltire depositi adiposi, ristagni e tossine con aumento della compattezza e della densit\u00e0 cutanea.\" \/>\n<meta property=\"og:url\" content=\"https:\/\/uplifting.care\/shop\/prodotto\/box-body-contouring\/\" \/>\n<meta property=\"og:site_name\" content=\"UpLifting eShop\" \/>\n<meta property=\"article:modified_time\" content=\"2021-03-17T08:49:26+00:00\" \/>\n<meta property=\"og:image\" content=\"https:\/\/uplifting.care\/shop\/wp-content\/uploads\/2020\/06\/bundle-Crema-e-Complesso-Riducente-UpLifting.jpg\" \/>\n\t<meta property=\"og:image:width\" content=\"450\" \/>\n\t<meta property=\"og:image:height\" content=\"450\" \/>\n\t<meta property=\"og:image:type\" content=\"image\/jpeg\" \/>\n<meta name=\"twitter:card\" content=\"summary_large_image\" \/>\n<meta name=\"twitter:label1\" content=\"Tempo di lettura stimato\" \/>\n\t<meta name=\"twitter:data1\" content=\"1 minuto\" \/>\n<script type=\"application\/ld+json\" class=\"yoast-schema-graph\">{\"@context\":\"https:\\\/\\\/schema.org\",\"@graph\":[{\"@type\":\"WebPage\",\"@id\":\"https:\\\/\\\/uplifting.care\\\/shop\\\/prodotto\\\/box-body-contouring\\\/\",\"url\":\"https:\\\/\\\/uplifting.care\\\/shop\\\/prodotto\\\/box-body-contouring\\\/\",\"name\":\"Box Body Contouring - UpLifting eShop\",\"isPartOf\":{\"@id\":\"https:\\\/\\\/uplifting.care\\\/shop\\\/#website\"},\"primaryImageOfPage\":{\"@id\":\"https:\\\/\\\/uplifting.care\\\/shop\\\/prodotto\\\/box-body-contouring\\\/#primaryimage\"},\"image\":{\"@id\":\"https:\\\/\\\/uplifting.care\\\/shop\\\/prodotto\\\/box-body-contouring\\\/#primaryimage\"},\"thumbnailUrl\":\"https:\\\/\\\/uplifting.care\\\/shop\\\/wp-content\\\/uploads\\\/2020\\\/06\\\/bundle-Crema-e-Complesso-Riducente-UpLifting.jpg\",\"datePublished\":\"2020-06-25T19:11:33+00:00\",\"dateModified\":\"2021-03-17T08:49:26+00:00\",\"breadcrumb\":{\"@id\":\"https:\\\/\\\/uplifting.care\\\/shop\\\/prodotto\\\/box-body-contouring\\\/#breadcrumb\"},\"inLanguage\":\"it-IT\",\"potentialAction\":[{\"@type\":\"ReadAction\",\"target\":[\"https:\\\/\\\/uplifting.care\\\/shop\\\/prodotto\\\/box-body-contouring\\\/\"]}]},{\"@type\":\"ImageObject\",\"inLanguage\":\"it-IT\",\"@id\":\"https:\\\/\\\/uplifting.care\\\/shop\\\/prodotto\\\/box-body-contouring\\\/#primaryimage\",\"url\":\"https:\\\/\\\/uplifting.care\\\/shop\\\/wp-content\\\/uploads\\\/2020\\\/06\\\/bundle-Crema-e-Complesso-Riducente-UpLifting.jpg\",\"contentUrl\":\"https:\\\/\\\/uplifting.care\\\/shop\\\/wp-content\\\/uploads\\\/2020\\\/06\\\/bundle-Crema-e-Complesso-Riducente-UpLifting.jpg\",\"width\":450,\"height\":450,\"caption\":\"Bundle - Box Crema e Complesso Riducente - Remise en Forme\"},{\"@type\":\"BreadcrumbList\",\"@id\":\"https:\\\/\\\/uplifting.care\\\/shop\\\/prodotto\\\/box-body-contouring\\\/#breadcrumb\",\"itemListElement\":[{\"@type\":\"ListItem\",\"position\":1,\"name\":\"Home\",\"item\":\"https:\\\/\\\/uplifting.care\\\/shop\\\/\"},{\"@type\":\"ListItem\",\"position\":2,\"name\":\"Prodotti\",\"item\":\"https:\\\/\\\/uplifting.care\\\/shop\\\/shop\\\/\"},{\"@type\":\"ListItem\",\"position\":3,\"name\":\"Box Body Contouring\"}]},{\"@type\":\"WebSite\",\"@id\":\"https:\\\/\\\/uplifting.care\\\/shop\\\/#website\",\"url\":\"https:\\\/\\\/uplifting.care\\\/shop\\\/\",\"name\":\"UpLifting eShop\",\"description\":\"Reborn to beauty\",\"publisher\":{\"@id\":\"https:\\\/\\\/uplifting.care\\\/shop\\\/#organization\"},\"potentialAction\":[{\"@type\":\"SearchAction\",\"target\":{\"@type\":\"EntryPoint\",\"urlTemplate\":\"https:\\\/\\\/uplifting.care\\\/shop\\\/?s={search_term_string}\"},\"query-input\":{\"@type\":\"PropertyValueSpecification\",\"valueRequired\":true,\"valueName\":\"search_term_string\"}}],\"inLanguage\":\"it-IT\"},{\"@type\":\"Organization\",\"@id\":\"https:\\\/\\\/uplifting.care\\\/shop\\\/#organization\",\"name\":\"UpLifting eShop\",\"url\":\"https:\\\/\\\/uplifting.care\\\/shop\\\/\",\"logo\":{\"@type\":\"ImageObject\",\"inLanguage\":\"it-IT\",\"@id\":\"https:\\\/\\\/uplifting.care\\\/shop\\\/#\\\/schema\\\/logo\\\/image\\\/\",\"url\":\"https:\\\/\\\/uplifting.care\\\/shop\\\/wp-content\\\/uploads\\\/2021\\\/03\\\/cropped-logo-oro-.png\",\"contentUrl\":\"https:\\\/\\\/uplifting.care\\\/shop\\\/wp-content\\\/uploads\\\/2021\\\/03\\\/cropped-logo-oro-.png\",\"width\":867,\"height\":276,\"caption\":\"UpLifting eShop\"},\"image\":{\"@id\":\"https:\\\/\\\/uplifting.care\\\/shop\\\/#\\\/schema\\\/logo\\\/image\\\/\"}}]}<\/script>\n<!-- \/ Yoast SEO plugin. -->","yoast_head_json":{"title":"Box Body Contouring - UpLifting eShop","robots":{"index":"index","follow":"follow","max-snippet":"max-snippet:-1","max-image-preview":"max-image-preview:large","max-video-preview":"max-video-preview:-1"},"canonical":"https:\/\/uplifting.care\/shop\/prodotto\/box-body-contouring\/","og_locale":"it_IT","og_type":"article","og_title":"Box Body Contouring - UpLifting eShop","og_description":"Corpo tonico e ridefinito, pelle compatta e rinnovata con l\u2019azione combinata di Complesso Riducente + Crema Riducente Forte, due prodotti intensivi e performanti, formulati in MICROEMULSIONI a rilascio profondo e prolungato. Usati in sinergia, realizzano un\u2019azione globale in grado di stimolare i processi metabolici, ridurre le infiammazioni e smaltire depositi adiposi, ristagni e tossine con aumento della compattezza e della densit\u00e0 cutanea.","og_url":"https:\/\/uplifting.care\/shop\/prodotto\/box-body-contouring\/","og_site_name":"UpLifting eShop","article_modified_time":"2021-03-17T08:49:26+00:00","og_image":[{"width":450,"height":450,"url":"https:\/\/uplifting.care\/shop\/wp-content\/uploads\/2020\/06\/bundle-Crema-e-Complesso-Riducente-UpLifting.jpg","type":"image\/jpeg"}],"twitter_card":"summary_large_image","twitter_misc":{"Tempo di lettura stimato":"1 minuto"},"schema":{"@context":"https:\/\/schema.org","@graph":[{"@type":"WebPage","@id":"https:\/\/uplifting.care\/shop\/prodotto\/box-body-contouring\/","url":"https:\/\/uplifting.care\/shop\/prodotto\/box-body-contouring\/","name":"Box Body Contouring - UpLifting eShop","isPartOf":{"@id":"https:\/\/uplifting.care\/shop\/#website"},"primaryImageOfPage":{"@id":"https:\/\/uplifting.care\/shop\/prodotto\/box-body-contouring\/#primaryimage"},"image":{"@id":"https:\/\/uplifting.care\/shop\/prodotto\/box-body-contouring\/#primaryimage"},"thumbnailUrl":"https:\/\/uplifting.care\/shop\/wp-content\/uploads\/2020\/06\/bundle-Crema-e-Complesso-Riducente-UpLifting.jpg","datePublished":"2020-06-25T19:11:33+00:00","dateModified":"2021-03-17T08:49:26+00:00","breadcrumb":{"@id":"https:\/\/uplifting.care\/shop\/prodotto\/box-body-contouring\/#breadcrumb"},"inLanguage":"it-IT","potentialAction":[{"@type":"ReadAction","target":["https:\/\/uplifting.care\/shop\/prodotto\/box-body-contouring\/"]}]},{"@type":"ImageObject","inLanguage":"it-IT","@id":"https:\/\/uplifting.care\/shop\/prodotto\/box-body-contouring\/#primaryimage","url":"https:\/\/uplifting.care\/shop\/wp-content\/uploads\/2020\/06\/bundle-Crema-e-Complesso-Riducente-UpLifting.jpg","contentUrl":"https:\/\/uplifting.care\/shop\/wp-content\/uploads\/2020\/06\/bundle-Crema-e-Complesso-Riducente-UpLifting.jpg","width":450,"height":450,"caption":"Bundle - Box Crema e Complesso Riducente - Remise en Forme"},{"@type":"BreadcrumbList","@id":"https:\/\/uplifting.care\/shop\/prodotto\/box-body-contouring\/#breadcrumb","itemListElement":[{"@type":"ListItem","position":1,"name":"Home","item":"https:\/\/uplifting.care\/shop\/"},{"@type":"ListItem","position":2,"name":"Prodotti","item":"https:\/\/uplifting.care\/shop\/shop\/"},{"@type":"ListItem","position":3,"name":"Box Body Contouring"}]},{"@type":"WebSite","@id":"https:\/\/uplifting.care\/shop\/#website","url":"https:\/\/uplifting.care\/shop\/","name":"UpLifting eShop","description":"Reborn to beauty","publisher":{"@id":"https:\/\/uplifting.care\/shop\/#organization"},"potentialAction":[{"@type":"SearchAction","target":{"@type":"EntryPoint","urlTemplate":"https:\/\/uplifting.care\/shop\/?s={search_term_string}"},"query-input":{"@type":"PropertyValueSpecification","valueRequired":true,"valueName":"search_term_string"}}],"inLanguage":"it-IT"},{"@type":"Organization","@id":"https:\/\/uplifting.care\/shop\/#organization","name":"UpLifting eShop","url":"https:\/\/uplifting.care\/shop\/","logo":{"@type":"ImageObject","inLanguage":"it-IT","@id":"https:\/\/uplifting.care\/shop\/#\/schema\/logo\/image\/","url":"https:\/\/uplifting.care\/shop\/wp-content\/uploads\/2021\/03\/cropped-logo-oro-.png","contentUrl":"https:\/\/uplifting.care\/shop\/wp-content\/uploads\/2021\/03\/cropped-logo-oro-.png","width":867,"height":276,"caption":"UpLifting eShop"},"image":{"@id":"https:\/\/uplifting.care\/shop\/#\/schema\/logo\/image\/"}}]}},"_links":{"self":[{"href":"https:\/\/uplifting.care\/shop\/wp-json\/wp\/v2\/product\/292","targetHints":{"allow":["GET"]}}],"collection":[{"href":"https:\/\/uplifting.care\/shop\/wp-json\/wp\/v2\/product"}],"about":[{"href":"https:\/\/uplifting.care\/shop\/wp-json\/wp\/v2\/types\/product"}],"replies":[{"embeddable":true,"href":"https:\/\/uplifting.care\/shop\/wp-json\/wp\/v2\/comments?post=292"}],"wp:featuredmedia":[{"embeddable":true,"href":"https:\/\/uplifting.care\/shop\/wp-json\/wp\/v2\/media\/293"}],"wp:attachment":[{"href":"https:\/\/uplifting.care\/shop\/wp-json\/wp\/v2\/media?parent=292"}],"wp:term":[{"taxonomy":"product_brand","embeddable":true,"href":"https:\/\/uplifting.care\/shop\/wp-json\/wp\/v2\/product_brand?post=292"},{"taxonomy":"product_cat","embeddable":true,"href":"https:\/\/uplifting.care\/shop\/wp-json\/wp\/v2\/product_cat?post=292"},{"taxonomy":"product_tag","embeddable":true,"href":"https:\/\/uplifting.care\/shop\/wp-json\/wp\/v2\/product_tag?post=292"}],"curies":[{"name":"wp","href":"https:\/\/api.w.org\/{rel}","templated":true}]}}